{"id":1589,"date":"2021-03-04T13:25:07","date_gmt":"2021-03-04T12:25:07","guid":{"rendered":"http:\/\/ws226.juntadeandalucia.es\/iadformaconti\/wordpress\/?page_id=1589"},"modified":"2022-05-12T11:31:48","modified_gmt":"2022-05-12T09:31:48","slug":"curso-deporte-adaptado-e-inclusivo","status":"publish","type":"page","link":"https:\/\/ws226.juntadeandalucia.es\/iadformaconti\/wordpress\/?page_id=1589","title":{"rendered":"Curso Deporte Adaptado e Inclusivo"},"content":{"rendered":"\n\t<section class=\"section\" id=\"section_865443434\">\n\t\t<div class=\"bg section-bg fill bg-fill  bg-loaded\" >\n\n\t\t\t\n\t\t\t\n\t\t\t\n\n\t\t<\/div><!-- .section-bg -->\n\n\t\t<div class=\"section-content relative\">\n\t\t\t\n\n<div class=\"row row-collapse row-full-width\"  id=\"row-1718913442\">\n\n<div class=\"col small-12 large-12\"  ><div class=\"col-inner\"  >\n\n<h1 style=\"color:#005d89; font-size: 45px;\"><strong>DEPORTE ADAPTADO E INCLUSIVO<\/strong><\/h1>\n\n<\/div><\/div>\n\n\n<style scope=\"scope\">\n\n#row-1718913442 > .col > .col-inner {\n  padding: 0px 60px 0px 60px;\n}\n<\/style>\n<\/div>\n<div class=\"row row-collapse row-full-width\"  id=\"row-1982779932\">\n\n<div class=\"col small-12 large-12\"  ><div class=\"col-inner dark\" style=\"background-color:rgb(0, 93, 137);padding:40px 40px 40px 40px;\" >\n\n<table style=\"width: 100%;\">\n<tbody>\n<tr>\n<th style=\"width: 45%; text-align: center;\">Acci\u00f3n formativa<\/th>\n<th style=\"width: 15%; text-align: center;\">Modalidad<\/th>\n<th style=\"width: 15%; text-align: center;\">Fecha<\/th>\n<th style=\"width: 25%; text-align: center;\">Ir al curso<\/th>\n<\/tr>\n<tr>\n<td>Evaluaci\u00f3n, comparaci\u00f3n y desarrollo de la actividad f\u00edsica entre personas sordas y con implante coclear<\/td>\n<td>Online<\/td>\n<td>23 de abril<\/td>\n<td style=\"text-align: center;\"><a href=\"https:\/\/ws226.juntadeandalucia.es\/iadformaconti\/wordpress\/?page_id=2219\">Pincha aqu\u00ed<\/a><\/td>\n<\/tr>\n<tr>\n<td>Especialista en deporte adaptado e inclusivo (2\u00aa edici\u00f3n)<\/td>\n<td>Semipresencial<\/td>\n<td>Del 9 al 14 de mayo<\/td>\n<td style=\"text-align: center;\"><a href=\"https:\/\/ws226.juntadeandalucia.es\/iadformaconti\/wordpress\/?page_id=2275\">Pincha aqu\u00ed<\/a><\/td>\n<\/tr>\n<tr>\n<td>La mujer dentro del deporte adaptado a personas con discapacidad<\/td>\n<td>Online<\/td>\n<td>7 de junio<\/td>\n<td style=\"text-align: center;\"><a href=\"https:\/\/ws226.juntadeandalucia.es\/iadformaconti\/wordpress\/?page_id=2318\">Pincha aqu\u00ed<\/a><\/td>\n<\/tr>\n<tr>\n<td>Gu\u00eda estrat\u00e9gica para la transformaci\u00f3n de entidades deportivas hacia la plena inclusi\u00f3n<\/td>\n<td>Presencial<\/td>\n<td>Del 30 de junio al 2 de julio<\/td>\n<td style=\"text-align: center;\">Pr\u00f3ximamente<\/td>\n<\/tr>\n<\/tbody>\n<\/table>\n<p style=\"text-align: center;\">\u00a0<\/p>\n\n<\/div><\/div>\n\n\n<style scope=\"scope\">\n\n#row-1982779932 > .col > .col-inner {\n  padding: 0px 60px 0px 60px;\n}\n<\/style>\n<\/div>\n\n\t\t<\/div><!-- .section-content -->\n\n\t\t\n<style scope=\"scope\">\n\n#section_865443434 {\n  padding-top: 30px;\n  padding-bottom: 30px;\n}\n<\/style>\n\t<\/section>\n\t\n\n","protected":false},"excerpt":{"rendered":"","protected":false},"author":4,"featured_media":0,"parent":55,"menu_order":0,"comment_status":"closed","ping_status":"closed","template":"page-blank.php","meta":{"footnotes":""},"class_list":["post-1589","page","type-page","status-publish","hentry"],"_links":{"self":[{"href":"https:\/\/ws226.juntadeandalucia.es\/iadformaconti\/wordpress\/index.php?rest_route=\/wp\/v2\/pages\/1589","targetHints":{"allow":["GET"]}}],"collection":[{"href":"https:\/\/ws226.juntadeandalucia.es\/iadformaconti\/wordpress\/index.php?rest_route=\/wp\/v2\/pages"}],"about":[{"href":"https:\/\/ws226.juntadeandalucia.es\/iadformaconti\/wordpress\/index.php?rest_route=\/wp\/v2\/types\/page"}],"author":[{"embeddable":true,"href":"https:\/\/ws226.juntadeandalucia.es\/iadformaconti\/wordpress\/index.php?rest_route=\/wp\/v2\/users\/4"}],"replies":[{"embeddable":true,"href":"https:\/\/ws226.juntadeandalucia.es\/iadformaconti\/wordpress\/index.php?rest_route=%2Fwp%2Fv2%2Fcomments&post=1589"}],"version-history":[{"count":10,"href":"https:\/\/ws226.juntadeandalucia.es\/iadformaconti\/wordpress\/index.php?rest_route=\/wp\/v2\/pages\/1589\/revisions"}],"predecessor-version":[{"id":2346,"href":"https:\/\/ws226.juntadeandalucia.es\/iadformaconti\/wordpress\/index.php?rest_route=\/wp\/v2\/pages\/1589\/revisions\/2346"}],"up":[{"embeddable":true,"href":"https:\/\/ws226.juntadeandalucia.es\/iadformaconti\/wordpress\/index.php?rest_route=\/wp\/v2\/pages\/55"}],"wp:attachment":[{"href":"https:\/\/ws226.juntadeandalucia.es\/iadformaconti\/wordpress\/index.php?rest_route=%2Fwp%2Fv2%2Fmedia&parent=1589"}],"curies":[{"name":"wp","href":"https:\/\/api.w.org\/{rel}","templated":true}]}}