{"id":1596,"date":"2021-03-04T13:32:32","date_gmt":"2021-03-04T12:32:32","guid":{"rendered":"http:\/\/ws226.juntadeandalucia.es\/iadformaconti\/wordpress\/?page_id=1596"},"modified":"2022-02-17T10:30:55","modified_gmt":"2022-02-17T09:30:55","slug":"curso-medios-de-comunicacion-y-deporte","status":"publish","type":"page","link":"https:\/\/ws226.juntadeandalucia.es\/iadformaconti\/wordpress\/?page_id=1596","title":{"rendered":"Curso Medios De Comunicaci\u00f3n y Deporte"},"content":{"rendered":"\n\t<section class=\"section\" id=\"section_1157081153\">\n\t\t<div class=\"bg section-bg fill bg-fill  bg-loaded\" >\n\n\t\t\t\n\t\t\t\n\t\t\t\n\n\t\t<\/div><!-- .section-bg -->\n\n\t\t<div class=\"section-content relative\">\n\t\t\t\n\n<div class=\"row row-collapse row-full-width\"  id=\"row-1557857943\">\n\n<div class=\"col small-12 large-12\"  ><div class=\"col-inner\"  >\n\n<h1 style=\"color:#95c11f; font-size: 45px;\"><strong>MEDIOS DE COMUNICACI\u00d3N Y DEPORTE<\/strong><\/h1>\n\n<\/div><\/div>\n\n\n<style scope=\"scope\">\n\n#row-1557857943 > .col > .col-inner {\n  padding: 0px 60px 0px 60px;\n}\n<\/style>\n<\/div>\n<div class=\"row row-collapse row-full-width\"  id=\"row-1754328800\">\n\n<div class=\"col small-12 large-12\"  ><div class=\"col-inner dark\" style=\"background-color:rgb(149, 193, 31);padding:40px 40px 40px 40px;\" >\n\n<table style=\"width: 100%;\">\n<tbody>\n<tr>\n<th style=\"width: 45%; text-align: center;\">Acci\u00f3n formativa<\/th>\n<th style=\"width: 15%; text-align: center;\">Modalidad<\/th>\n<th style=\"width: 15%; text-align: center;\">Fecha<\/th>\n<th style=\"width: 25%; text-align: center;\">Ir al curso<\/th>\n<\/tr>\n<tr>\n<td>Situaci\u00f3n actual y funcionamiento de los medios de comunicaci\u00f3n deportivos espa\u00f1oles<\/td>\n<td>Presencial<\/td>\n<td>21 de marzo<\/td>\n<td style=\"text-align: center;\"><a href=\"https:\/\/ws226.juntadeandalucia.es\/iadformaconti\/wordpress\/?page_id=2083\">Pincha aqu\u00ed<\/a><\/td>\n<\/tr>\n<tr>\n<td>Comunicaci\u00f3n de alto impacto: influencia y persuasi\u00f3n para el siglo XXI<\/td>\n<td>Presencial<\/td>\n<td>Del 17 al 19 de octubre<\/td>\n<td style=\"text-align: center;\">Pr\u00f3ximamente<\/td>\n<\/tr>\n<tr>\n<td>\n<p>Preparaci\u00f3n de grandes eventos deportivos por parte de los medios de comunicaci\u00f3n<\/p>\n<\/td>\n<td>Online<\/td>\n<td>7 de noviembre<\/td>\n<td style=\"text-align: center;\">Pr\u00f3ximamente<\/td>\n<\/tr>\n<\/tbody>\n<\/table>\n\n<\/div><\/div>\n\n\n<style scope=\"scope\">\n\n#row-1754328800 > .col > .col-inner {\n  padding: 0px 60px 0px 60px;\n}\n<\/style>\n<\/div>\n\n\t\t<\/div><!-- .section-content -->\n\n\t\t\n<style scope=\"scope\">\n\n#section_1157081153 {\n  padding-top: 30px;\n  padding-bottom: 30px;\n}\n<\/style>\n\t<\/section>\n\t\n\n","protected":false},"excerpt":{"rendered":"","protected":false},"author":4,"featured_media":0,"parent":55,"menu_order":0,"comment_status":"closed","ping_status":"closed","template":"page-blank.php","meta":{"footnotes":""},"class_list":["post-1596","page","type-page","status-publish","hentry"],"_links":{"self":[{"href":"https:\/\/ws226.juntadeandalucia.es\/iadformaconti\/wordpress\/index.php?rest_route=\/wp\/v2\/pages\/1596","targetHints":{"allow":["GET"]}}],"collection":[{"href":"https:\/\/ws226.juntadeandalucia.es\/iadformaconti\/wordpress\/index.php?rest_route=\/wp\/v2\/pages"}],"about":[{"href":"https:\/\/ws226.juntadeandalucia.es\/iadformaconti\/wordpress\/index.php?rest_route=\/wp\/v2\/types\/page"}],"author":[{"embeddable":true,"href":"https:\/\/ws226.juntadeandalucia.es\/iadformaconti\/wordpress\/index.php?rest_route=\/wp\/v2\/users\/4"}],"replies":[{"embeddable":true,"href":"https:\/\/ws226.juntadeandalucia.es\/iadformaconti\/wordpress\/index.php?rest_route=%2Fwp%2Fv2%2Fcomments&post=1596"}],"version-history":[{"count":7,"href":"https:\/\/ws226.juntadeandalucia.es\/iadformaconti\/wordpress\/index.php?rest_route=\/wp\/v2\/pages\/1596\/revisions"}],"predecessor-version":[{"id":2113,"href":"https:\/\/ws226.juntadeandalucia.es\/iadformaconti\/wordpress\/index.php?rest_route=\/wp\/v2\/pages\/1596\/revisions\/2113"}],"up":[{"embeddable":true,"href":"https:\/\/ws226.juntadeandalucia.es\/iadformaconti\/wordpress\/index.php?rest_route=\/wp\/v2\/pages\/55"}],"wp:attachment":[{"href":"https:\/\/ws226.juntadeandalucia.es\/iadformaconti\/wordpress\/index.php?rest_route=%2Fwp%2Fv2%2Fmedia&parent=1596"}],"curies":[{"name":"wp","href":"https:\/\/api.w.org\/{rel}","templated":true}]}}