{"id":2710,"date":"2023-04-19T16:59:11","date_gmt":"2023-04-19T14:59:11","guid":{"rendered":"https:\/\/ws226.juntadeandalucia.es\/iadformaconti\/wordpress\/?page_id=2710"},"modified":"2023-04-19T17:20:51","modified_gmt":"2023-04-19T15:20:51","slug":"diseno-360o-de-espacios-deportivos-centros-de-fitness-wellness","status":"publish","type":"page","link":"https:\/\/ws226.juntadeandalucia.es\/iadformaconti\/wordpress\/?page_id=2710","title":{"rendered":"Sostenibilidad econ\u00f3mica y medioambiental en instalaciones deportivas"},"content":{"rendered":"\n\t<section class=\"section\" id=\"section_2103466141\">\n\t\t<div class=\"bg section-bg fill bg-fill  bg-loaded\" >\n\n\t\t\t\n\t\t\t\n\t\t\t\n\n\t\t<\/div><!-- .section-bg -->\n\n\t\t<div class=\"section-content relative\">\n\t\t\t\n\n<div class=\"row row-collapse row-full-width\"  id=\"row-2064381741\">\n\n<div class=\"col small-12 large-12\"  ><div class=\"col-inner\"  >\n\n\n  <div class=\"banner has-hover\" id=\"banner-863249610\">\n          <div class=\"banner-inner fill\">\n        <div class=\"banner-bg fill\" >\n            <div class=\"bg fill bg-fill \"><\/div>\n                                    \n                    <\/div><!-- bg-layers -->\n        <div class=\"banner-layers container\">\n            <div class=\"fill banner-link\"><\/div>            \n\n   <div id=\"text-box-1563889062\" class=\"text-box banner-layer x50 md-x50 lg-x10 y5 md-y5 lg-y5 res-text\">\n                                <div class=\"text \">\n              \n              <div class=\"text-inner text-left\">\n                  \n\n<h1 style=\"color: #00a6e2; font-size: 31px;\"><strong>Sostenibilidad econ\u00f3mica y medioambiental en instalaciones deportivas<br><\/strong><\/h1>\n<h4 style=\"color: #00a6e2;\">23 de mayo de 2023<\/h4>\n\n              <\/div>\n           <\/div><!-- text-box-inner -->\n                            \n<style scope=\"scope\">\n\n#text-box-1563889062 {\n  width: 91%;\n}\n#text-box-1563889062 .text {\n  font-size: 100%;\n}\n\n\n@media (min-width:550px) {\n\n  #text-box-1563889062 {\n    width: 77%;\n  }\n\n}\n\n\n@media (min-width:850px) {\n\n  #text-box-1563889062 {\n    width: 49%;\n  }\n\n}\n<\/style>\n    <\/div><!-- text-box -->\n \n   <div id=\"text-box-1003667318\" class=\"text-box banner-layer x50 md-x10 lg-x10 y90 md-y85 lg-y95 res-text\">\n                                <div class=\"text dark\">\n              \n              <div class=\"text-inner text-left\">\n                  \n\n<p class=\"p1\"><span class=\"s1\"><b>FECHA DE INSCRIPCI\u00d3N || <\/b>Hasta el 14 de mayo, incluido <\/span><\/p>\n<p class=\"p1\"><span class=\"s1\"><b>N\u00ba PLAZAS || <\/b>500<\/span><\/p>\n<p class=\"p1\"><span class=\"s1\"><b>MODALIDAD || <\/b>Taller online | Gratuito<\/span><\/p>\n<p class=\"p1\"><span class=\"s1\"><b>N\u00ba HORAS || <\/b>10 horas<\/span><\/p>\n<p class=\"p1\"><span class=\"s1\"><b>DESTINATARIOS || <\/b>Gerentes y directores de instalaciones deportivas, profesionales del sector, responsables de la gesti\u00f3n medioambiental, y estudiantes y profesionales interesados en la sostenibilidad en el \u00e1mbito deportivo.<\/span><\/p>\n<a rel=\"noopener noreferrer\" href=\"https:\/\/ws226.juntadeandalucia.es\/iadformtools\/modules\/form_builder\/published\/202314_sostenibilidad_econ_medioamb_instalaciones.php\" target=\"_blank\" class=\"button white lowercase\"  >\n    <span>INSCRIPCIONES<\/span>\n  <\/a>\n\n\n\n              <\/div>\n           <\/div><!-- text-box-inner -->\n                            \n<style scope=\"scope\">\n\n#text-box-1003667318 .text {\n  background-color: rgb(0, 166, 226);\n  font-size: 100%;\n}\n#text-box-1003667318 .text-inner {\n  padding: 10px 25px 10px 25px;\n}\n#text-box-1003667318 {\n  width: 100%;\n}\n\n\n@media (min-width:550px) {\n\n  #text-box-1003667318 {\n    width: 68%;\n  }\n\n}\n\n\n@media (min-width:850px) {\n\n  #text-box-1003667318 {\n    width: 48%;\n  }\n\n}\n<\/style>\n    <\/div><!-- text-box -->\n \n\n        <\/div><!-- .banner-layers -->\n      <\/div><!-- .banner-inner -->\n\n            \n<style scope=\"scope\">\n\n#banner-863249610 {\n  padding-top: 499px;\n  background-color: rgb(255, 255, 255);\n}\n\n\n@media (min-width:550px) {\n\n  #banner-863249610 {\n    padding-top: 600px;\n  }\n\n}\n<\/style>\n  <\/div><!-- .banner -->\n\n\n\n<\/div><\/div>\n\n\n<style scope=\"scope\">\n\n<\/style>\n<\/div>\n\n\t\t<\/div><!-- .section-content -->\n\n\t\t\n<style scope=\"scope\">\n\n#section_2103466141 {\n  padding-top: 0px;\n  padding-bottom: 0px;\n}\n<\/style>\n\t<\/section>\n\t\n\t<section class=\"section\" id=\"section_2093813078\">\n\t\t<div class=\"bg section-bg fill bg-fill  bg-loaded\" >\n\n\t\t\t\n\t\t\t\n\t\t\t\n\n\t\t<\/div><!-- .section-bg -->\n\n\t\t<div class=\"section-content relative\">\n\t\t\t\n\n\t<div id=\"gap-478073510\" class=\"gap-element clearfix\" style=\"display:block; height:auto;\">\n\t\t\n<style scope=\"scope\">\n\n#gap-478073510 {\n  padding-top: 40px;\n}\n<\/style>\n\t<\/div>\n\t\n\n<div class=\"row align-center\"  id=\"row-1394810591\">\n\n<div class=\"col medium-4 small-10 large-4\"  ><div class=\"col-inner\"  >\n\n<h2 class=\"uppercase\"><span style=\"font-size: 150%; color:white\">Descripci\u00f3n del curso<\/span><\/h2>\n<div class=\"is-divider divider clearfix\" style=\"max-width:150px;background-color:rgb(255, 255, 255);\"><\/div><!-- .divider -->\n\n<a rel=\"noopener noreferrer\" href=\"https:\/\/ws226.juntadeandalucia.es\/iadweb\/formacioncontinua\/iad-202314-html5\" target=\"_blank\" class=\"button white is-large\"  >\n    <span>DESCARGAR PROGRAMA<\/span>\n  <i class=\"icon-angle-right\" ><\/i><\/a>\n\n\n\n<\/div><\/div>\n<div class=\"col medium-8 small-10 large-8\"  ><div class=\"col-inner\"  >\n\n<p>Durante este taller se abordar\u00e1 la importancia de la sostenibilidad en el sector deportivo, y c\u00f3mo integrarla en la estrategia de cualquier organizaci\u00f3n. Se presentan objetivos a corto, medio y largo plazo que deben ser incorporados por cualquier organizaci\u00f3n en la situaci\u00f3n actual, y se expondr\u00e1 c\u00f3mo la legislaci\u00f3n vigente recoge la sostenibilidad de instalaciones deportivas.<\/p>\n<p>Tambi\u00e9n se analiza la problem\u00e1tica actual en relaci\u00f3n con los campos deportivos de c\u00e9sped artificial y se presentan las alternativas actuales de productos y nuevas l\u00edneas de negocio en este nuevo contexto. Adem\u00e1s, se mencionan las oportunidades y beneficios que los Fondos Europeos ofrecen al sector deportivo para impulsar la sostenibilidad, la integraci\u00f3n social y la digitalizaci\u00f3n, y se proporcionan recomendaciones y buenas pr\u00e1cticas para la planificaci\u00f3n, implementaci\u00f3n y evaluaci\u00f3n de proyectos financiados por Fondos Europeos en el sector deportivo. Para finalizar se detallar\u00e1n diferentes proyectos de sostenibilidad de \u00e9xito en instalaciones deportivas acu\u00e1ticas.<\/p>\n\n<\/div><\/div>\n\n\n<style scope=\"scope\">\n\n<\/style>\n<\/div>\n\n\t\t<\/div><!-- .section-content -->\n\n\t\t\n<style scope=\"scope\">\n\n#section_2093813078 {\n  padding-top: 30px;\n  padding-bottom: 30px;\n  background-color: rgb(0, 166, 226);\n}\n<\/style>\n\t<\/section>\n\t\n\t<section class=\"section\" id=\"section_1490496663\">\n\t\t<div class=\"bg section-bg fill bg-fill  bg-loaded\" >\n\n\t\t\t\n\t\t\t\n\t\t\t\n\n\t\t<\/div><!-- .section-bg -->\n\n\t\t<div class=\"section-content relative\">\n\t\t\t\n\n<div class=\"row row-large align-middle align-center\"  id=\"row-1676792777\">\n\n<div class=\"col small-12 large-12\"  ><div class=\"col-inner\"  >\n\n<h2 class=\"uppercase\"><span style=\"font-size: 150%; color:#00a6e2\">DIRECCI\u00d3N<\/span><\/h2>\n<div class=\"is-divider divider clearfix\" style=\"max-width:150px;background-color:rgb(0, 166, 226);\"><\/div><!-- .divider -->\n\n<h2><span style=\"color: #00a6e2;\"><span style=\"font-size: 34.56px;\">Rosario Teva Vill\u00e9n<\/span><\/span><\/h2>\n<p>Subdirectora del Servicio de Deportes de la Universidad de Sevilla<\/p>\n<h3 style=\"margin-bottom: 0px;\">&nbsp;<\/h3>\n<p>&nbsp;<\/p>\n\n<\/div><\/div>\n\n\n<style scope=\"scope\">\n\n<\/style>\n<\/div>\n\n\t\t<\/div><!-- .section-content -->\n\n\t\t\n<style scope=\"scope\">\n\n#section_1490496663 {\n  padding-top: 50px;\n  padding-bottom: 50px;\n}\n<\/style>\n\t<\/section>\n\t\n\t<section class=\"section\" id=\"section_756986160\">\n\t\t<div class=\"bg section-bg fill bg-fill  bg-loaded\" >\n\n\t\t\t\n\t\t\t\n\t\t\t\n\n\t\t<\/div><!-- .section-bg -->\n\n\t\t<div class=\"section-content relative\">\n\t\t\t\n\n<div class=\"row\"  id=\"row-1176819445\">\n\n<div class=\"col small-12 large-12\"  ><div class=\"col-inner\"  >\n\n<h2 class=\"uppercase\"><span style=\"font-size: 150%; color:#00a6e2\">OBJETIVOS<\/span><\/h2>\n<div class=\"is-divider divider clearfix\" style=\"max-width:150px;background-color:rgb(0, 166, 226);\"><\/div><!-- .divider -->\n\n\n<\/div><\/div>\n\n<\/div>\n<div class=\"row align-center\"  id=\"row-210142346\">\n\n<div class=\"col small-12 large-12\"  ><div class=\"col-inner\"  >\n\n<div class=\"row align-center\"  id=\"row-621100811\">\n\n<div class=\"col medium-6 small-10 large-6\"  ><div class=\"col-inner\" style=\"margin:0px 0px 0px -10px;\" >\n\n<h3>Por qu\u00e9 es necesario<\/h3>\n<p>Definir por qu\u00e9 es necesario incorporar la sostenibilidad en las organizaciones e integrar una mirada cr\u00edtica<\/p>\n<h3>Identificaci\u00f3n<\/h3>\n<p>Identificar los retos y oportunidades que nos muestra la situaci\u00f3n actual.<\/p>\n<h3>Integraci\u00f3n de la sostenibilidad<\/h3>\n<p>Valorar que la integraci\u00f3n de la sostenibilidad en las organizaciones es m\u00e1s accesible de lo que imaginamos.<\/p>\n<h3>Planificaci\u00f3n<\/h3>\n<p>Plantearse la sostenibilidad de las instalaciones desde su planificaci\u00f3n.<\/p>\n<h3>Concienciaci\u00f3n<\/h3>\n<p>Concienciar de la problem\u00e1tica actual y del futuro pr\u00f3ximo de la sostenibilidad y las restricciones en el c\u00e9sped artificial.<\/p>\n\n<\/div><\/div>\n<div class=\"col medium-6 small-11 large-6\"  ><div class=\"col-inner\" style=\"margin:0px 0px 0px 10px;\" >\n\n<h3><span style=\"font-size: 100%;\">C\u00e9sped artificial<\/span><\/h3>\n<p>Analizar la influencia en la seguridad y funcionalidad deportiva de las nuevas l\u00edneas de producto de c\u00e9sped artificial.<\/p>\n<h3><span style=\"font-size: 100%;\">Fondos Europeos<\/span><\/h3>\n<p>Explicar las oportunidades y beneficios que los Fondos Europeos ofrecen al sector deportivo para impulsar la sostenibilidad, la integraci\u00f3n social y la digitalizaci\u00f3n.<\/p>\n<p>Presentar los diferentes tipos de Fondos Europeos disponibles para el sector deportivo y c\u00f3mo solicitarlos.<\/p>\n<h3>Casos de \u00e9xito<\/h3>\n<p>Analizar casos de \u00e9xito de proyectos financiados por Fondos Europeos en el \u00e1mbito deportivo que hayan logrado promover la sostenibilidad, la integraci\u00f3n social y la digitalizaci\u00f3n.<\/p>\n<h3>Buenas pr\u00e1cticas<\/h3>\n<p>Proporcionar recomendaciones y buenas pr\u00e1cticas para la planificaci\u00f3n, implementaci\u00f3n y evaluaci\u00f3n de proyectos financiados por Fondos Europeos en el sector deportivo, con el fin de maximizar el impacto y la eficacia, as\u00ed como conocer casos de \u00e9xito en los que ya se han implantado medidas de ahorro energ\u00e9tico.<\/p>\n<p>&nbsp;<\/p>\n\n<\/div><\/div>\n\n\n<style scope=\"scope\">\n\n<\/style>\n<\/div>\n\n<\/div><\/div>\n\n\n<style scope=\"scope\">\n\n<\/style>\n<\/div>\n\n\t\t<\/div><!-- .section-content -->\n\n\t\t\n<style scope=\"scope\">\n\n#section_756986160 {\n  padding-top: 30px;\n  padding-bottom: 30px;\n}\n<\/style>\n\t<\/section>\n\t\n","protected":false},"excerpt":{"rendered":"","protected":false},"author":4,"featured_media":0,"parent":67,"menu_order":0,"comment_status":"closed","ping_status":"closed","template":"page-blank.php","meta":{"footnotes":""},"class_list":["post-2710","page","type-page","status-publish","hentry"],"_links":{"self":[{"href":"https:\/\/ws226.juntadeandalucia.es\/iadformaconti\/wordpress\/index.php?rest_route=\/wp\/v2\/pages\/2710","targetHints":{"allow":["GET"]}}],"collection":[{"href":"https:\/\/ws226.juntadeandalucia.es\/iadformaconti\/wordpress\/index.php?rest_route=\/wp\/v2\/pages"}],"about":[{"href":"https:\/\/ws226.juntadeandalucia.es\/iadformaconti\/wordpress\/index.php?rest_route=\/wp\/v2\/types\/page"}],"author":[{"embeddable":true,"href":"https:\/\/ws226.juntadeandalucia.es\/iadformaconti\/wordpress\/index.php?rest_route=\/wp\/v2\/users\/4"}],"replies":[{"embeddable":true,"href":"https:\/\/ws226.juntadeandalucia.es\/iadformaconti\/wordpress\/index.php?rest_route=%2Fwp%2Fv2%2Fcomments&post=2710"}],"version-history":[{"count":5,"href":"https:\/\/ws226.juntadeandalucia.es\/iadformaconti\/wordpress\/index.php?rest_route=\/wp\/v2\/pages\/2710\/revisions"}],"predecessor-version":[{"id":2715,"href":"https:\/\/ws226.juntadeandalucia.es\/iadformaconti\/wordpress\/index.php?rest_route=\/wp\/v2\/pages\/2710\/revisions\/2715"}],"up":[{"embeddable":true,"href":"https:\/\/ws226.juntadeandalucia.es\/iadformaconti\/wordpress\/index.php?rest_route=\/wp\/v2\/pages\/67"}],"wp:attachment":[{"href":"https:\/\/ws226.juntadeandalucia.es\/iadformaconti\/wordpress\/index.php?rest_route=%2Fwp%2Fv2%2Fmedia&parent=2710"}],"curies":[{"name":"wp","href":"https:\/\/api.w.org\/{rel}","templated":true}]}}