{"id":3898,"date":"2026-02-18T10:17:52","date_gmt":"2026-02-18T09:17:52","guid":{"rendered":"https:\/\/ws226.juntadeandalucia.es\/iadformaconti\/wordpress\/?page_id=3898"},"modified":"2026-04-10T15:05:16","modified_gmt":"2026-04-10T13:05:16","slug":"principios-basicos-para-la-gestion-de-una-entidad-deportiva","status":"publish","type":"page","link":"https:\/\/ws226.juntadeandalucia.es\/iadformaconti\/wordpress\/?page_id=3898","title":{"rendered":"Principios b\u00e1sicos para la gesti\u00f3n de una entidad deportiva"},"content":{"rendered":"\t<section class=\"section\" id=\"section_18032278\">\n\t\t<div class=\"bg section-bg fill bg-fill  bg-loaded\" >\n\n\t\t\t\n\t\t\t\n\t\t\t\n\n\t\t<\/div><!-- .section-bg -->\n\n\t\t<div class=\"section-content relative\">\n\t\t\t\n<div class=\"row row-collapse row-full-width\"  id=\"row-726571119\">\n<div class=\"col small-12 large-12\"  ><div class=\"col-inner\"  >\n\n  <div class=\"banner has-hover\" id=\"banner-1519299577\">\n          <div class=\"banner-inner fill\">\n        <div class=\"banner-bg fill\" >\n            <div class=\"bg fill bg-fill \"><\/div>\n                                    \n                    <\/div><!-- bg-layers -->\n        <div class=\"banner-layers container\">\n            <div class=\"fill banner-link\"><\/div>            \n   <div id=\"text-box-559698899\" class=\"text-box banner-layer x50 md-x50 lg-x10 y0 md-y5 lg-y5 res-text\">\n                                <div class=\"text \">\n              \n              <div class=\"text-inner text-left\">\n                  \n<h1 style=\"color: #cf9b3d; font-size: clamp(2.3125rem, 2.1364rem + 0.5634vw, 2.8125rem);\"><strong>Principios b\u00e1sicos para la gesti\u00f3n de una entidad deportiva<\/strong><\/h1>\n              <\/div>\n           <\/div><!-- text-box-inner -->\n                            \n<style scope=\"scope\">\n\n#text-box-559698899 .text-inner {\n  padding: 0px 20px 0px 20px;\n}\n#text-box-559698899 {\n  width: 100%;\n}\n#text-box-559698899 .text {\n  font-size: 100%;\n}\n\n\n@media (min-width:550px) {\n\n  #text-box-559698899 {\n    width: 77%;\n  }\n\n}\n\n\n@media (min-width:850px) {\n\n  #text-box-559698899 {\n    width: 64%;\n  }\n\n}\n<\/style>\n    <\/div><!-- text-box -->\n \n   <div id=\"text-box-642259065\" class=\"text-box banner-layer x50 md-x10 lg-x10 y100 md-y95 lg-y95 res-text\">\n                                <div class=\"text dark\">\n              \n              <div class=\"text-inner text-left\">\n                  \n<p class=\"p1\"><span class=\"s1\"><b>MODALIDAD || <\/b>Presencial\u00a0<\/span><\/p>\n<p class=\"p1\"><span class=\"s1\"><b>N\u00ba HORAS || <\/b>5 horas (cada edici\u00f3n)<\/span><\/p>\n<p><span class=\"s1\"><b>PLAZAS || <\/b>100 plazas (en cada edici\u00f3n)<\/span><\/p>\n<p class=\"p1\"><span class=\"s1\"><b>FECHAS ||<\/b><\/span><\/p>\n<p class=\"p1\"><span class=\"s1\">C\u00f3rdoba: 5 de marzo\u00a0 \u00a0 \u00a0 \u00a0 \u00a0 \u00a0 \u00a0 Huelva: 19 de marzo<br \/><\/span><\/p>\n<p>C\u00e1diz: 16 de abril\u00a0 \u00a0 \u00a0 \u00a0 \u00a0 \u00a0 \u00a0 \u00a0 \u00a0 \u00a0 Sevilla: 30 de abril<\/p>\n<p>Ja\u00e9n: 14 de mayo\u00a0 \u00a0 \u00a0 \u00a0 \u00a0 \u00a0 \u00a0 \u00a0 \u00a0 \u00a0 Almer\u00eda: 28 de mayo<\/p>\n<p>Granada: 11 de junio\u00a0 \u00a0 \u00a0 \u00a0 \u00a0 \u00a0 \u00a0 \u00a0M\u00e1laga: 25 de junio<\/p>\n<a rel=\"noopener noreferrer\" href=\"https:\/\/ws226.juntadeandalucia.es\/iadformtools\/modules\/form_builder\/published\/202601_5_gestion_entidades_deportivas.php\" target=\"_blank\" class=\"button white lowercase\"  >\n    <span>INSCRIPCIONES JA\u00c9N<\/span>\n  <\/a>\n\n<a rel=\"noopener noreferrer\" href=\"https:\/\/ws226.juntadeandalucia.es\/iadformtools\/modules\/form_builder\/published\/202601_4_gestion_entidades_deportivas.php\" target=\"_blank\" class=\"button white lowercase\"  >\n    <span>INSCRIPCIONES SEVILLA<\/span>\n  <\/a>\n\n<a rel=\"noopener noreferrer\" href=\"https:\/\/ws226.juntadeandalucia.es\/iadformtools\/modules\/form_builder\/published\/202601_6_gestion_entidades_deportivas.php\" target=\"_blank\" class=\"button white lowercase\"  >\n    <span>INSCRIPCIONES ALMER\u00cdA<\/span>\n  <\/a>\n\n<a rel=\"noopener noreferrer\" href=\"https:\/\/ws226.juntadeandalucia.es\/iadformtools\/modules\/form_builder\/published\/202601_7_gestion_entidades_deportivas.php\" target=\"_blank\" class=\"button white lowercase\"  >\n    <span>INSCRIPCIONES GRANADA<\/span>\n  <\/a>\n\n              <\/div>\n           <\/div><!-- text-box-inner -->\n                            \n<style scope=\"scope\">\n\n#text-box-642259065 .text {\n  background-color: rgb(207, 155, 61);\n  font-size: 100%;\n}\n#text-box-642259065 .text-inner {\n  padding: 10px 25px 10px 25px;\n}\n#text-box-642259065 {\n  width: 100%;\n}\n\n\n@media (min-width:550px) {\n\n  #text-box-642259065 {\n    width: 68%;\n  }\n\n}\n\n\n@media (min-width:850px) {\n\n  #text-box-642259065 {\n    width: 48%;\n  }\n\n}\n<\/style>\n    <\/div><!-- text-box -->\n \n        <\/div><!-- .banner-layers -->\n      <\/div><!-- .banner-inner -->\n\n            \n<style scope=\"scope\">\n\n#banner-1519299577 {\n  padding-top: 650px;\n  background-color: rgb(255, 255, 255);\n}\n#banner-1519299577 .bg.bg-loaded {\n  background-image: url(https:\/\/ws226.juntadeandalucia.es\/iadformaconti\/wordpress\/wp-content\/uploads\/2022\/02\/fondo_iad22_area1-scaled.jpg);\n}\n#banner-1519299577 .bg {\n  background-position: 4% 12%;\n}\n\n\n@media (min-width:550px) {\n\n  #banner-1519299577 {\n    padding-top: 660px;\n  }\n\n}\n<\/style>\n  <\/div><!-- .banner -->\n\n\n<\/div><\/div>\n\n<style scope=\"scope\">\n\n<\/style>\n<\/div>\n\t\t<\/div><!-- .section-content -->\n\n\t\t\n<style scope=\"scope\">\n\n#section_18032278 {\n  padding-top: 0px;\n  padding-bottom: 0px;\n}\n<\/style>\n\t<\/section>\n\t\n\t<section class=\"section\" id=\"section_90708988\">\n\t\t<div class=\"bg section-bg fill bg-fill  bg-loaded\" >\n\n\t\t\t\n\t\t\t\n\t\t\t\n\n\t\t<\/div><!-- .section-bg -->\n\n\t\t<div class=\"section-content relative\">\n\t\t\t\n\t<div id=\"gap-833421648\" class=\"gap-element clearfix\" style=\"display:block; height:auto;\">\n\t\t\n<style scope=\"scope\">\n\n#gap-833421648 {\n  padding-top: 40px;\n}\n<\/style>\n\t<\/div>\n\t\n<div class=\"row align-center\"  id=\"row-390541837\">\n<div class=\"col medium-4 small-10 large-4\"  ><div class=\"col-inner\"  >\n<h2 class=\"uppercase\"><span style=\"font-size: 150%; color: white;\">Descripci\u00f3n del curso<\/span><\/h2>\n<div class=\"is-divider divider clearfix\" style=\"max-width:150px;background-color:rgb(255, 255, 255);\"><\/div><!-- .divider -->\n<a rel=\"noopener noreferrer\" href=\"https:\/\/juntadeandalucia.es\/sites\/default\/files\/2026-02\/iad_202601_programa.pdf\" target=\"_blank\" class=\"button white is-large\"  >\n    <span>DESCARGAR PROGRAMA<\/span>\n  <i class=\"icon-angle-right\" ><\/i><\/a>\n\n<\/div><\/div>\n<div class=\"col medium-8 small-10 large-8\"  ><div class=\"col-inner\"  >\n<p><span style=\"color: #ffffff;\">El presente curso tiene como finalidad ofrecer una formaci\u00f3n integral y actualizada sobre los principales aspectos normativos, administrativos y sociales que afectan a la gesti\u00f3n de entidades deportivas en Andaluc\u00eda, as\u00ed como sobre la protecci\u00f3n de los menores frente a la violencia en el deporte, un \u00e1mbito de m\u00e1xima relevancia en el contexto deportivo actual.<\/span><\/p>\n<p><span style=\"color: #ffffff;\">En primer lugar, el curso aborda el Protocolo marco de actuaci\u00f3n para la protecci\u00f3n de los menores frente a la violencia en el deporte, analizando su origen, fundamentos y aplicaci\u00f3n pr\u00e1ctica dentro de clubes y secciones deportivas. Se profundizar\u00e1 en la importancia de crear entornos deportivos seguros, basados en el respeto, la prevenci\u00f3n y la tolerancia cero frente a cualquier forma de violencia, acoso o discriminaci\u00f3n. Asimismo, se estudiar\u00e1n las obligaciones de las entidades deportivas, el papel de directivos, t\u00e9cnicos y personal colaborador, as\u00ed como los mecanismos de prevenci\u00f3n, detecci\u00f3n y actuaci\u00f3n ante posibles situaciones de riesgo, destacando la responsabilidad social del deporte en la formaci\u00f3n integral de ni\u00f1os y j\u00f3venes.<\/span><\/p>\n<p><span style=\"color: #ffffff;\">En un segundo bloque se desarrollar\u00e1n los contenidos relativos a la creaci\u00f3n y gesti\u00f3n b\u00e1sica de clubes y secciones deportivas en Andaluc\u00eda, prestando especial atenci\u00f3n a su relaci\u00f3n con la Administraci\u00f3n de la Junta de Andaluc\u00eda. Se analizar\u00e1n los procedimientos de constituci\u00f3n, inscripci\u00f3n en los registros correspondientes, estructura organizativa, normativa aplicable y principales obligaciones legales y administrativas que deben cumplir estas entidades para su correcto funcionamiento.<\/span><\/p>\n<\/div><\/div>\n\n<style scope=\"scope\">\n\n<\/style>\n<\/div>\n\t\t<\/div><!-- .section-content -->\n\n\t\t\n<style scope=\"scope\">\n\n#section_90708988 {\n  padding-top: 30px;\n  padding-bottom: 30px;\n  background-color: rgb(207, 155, 61);\n}\n<\/style>\n\t<\/section>\n\t\n\t<section class=\"section\" id=\"section_778819106\">\n\t\t<div class=\"bg section-bg fill bg-fill  bg-loaded\" >\n\n\t\t\t\n\t\t\t\n\t\t\t\n\n\t\t<\/div><!-- .section-bg -->\n\n\t\t<div class=\"section-content relative\">\n\t\t\t\n<div class=\"row\"  id=\"row-880096240\">\n<div class=\"col small-12 large-12\"  ><div class=\"col-inner\"  >\n<h1 style=\"color: #cf9b3d; font-size: 45px;\"><strong>DIRECCI\u00d3N<\/strong><\/h1>\n<div class=\"is-divider divider clearfix\" style=\"max-width:150px;background-color:rgb(207, 155, 61);\"><\/div><!-- .divider -->\n<\/div><\/div>\n<\/div>\n<div class=\"row row-large align-middle align-center\"  id=\"row-608621038\">\n<div class=\"col medium-5 small-12 large-6\"  ><div class=\"col-inner text-center\" style=\"margin:0px 0px 40px 0px;\" >\n<h1 style=\"color: #cf9b3d; font-size: 45px;\"><strong>Ra\u00fal Carmona Guisado<\/strong><\/h1>\n<p>Licenciado en Ciencias de la Actividad y del Deporte. Jefe de Servicio de Deporte de la Delegaci\u00f3n Territorial de Turismo, Cultura y Deporte en Sevilla.<\/p>\n\t<div id=\"gap-1070288357\" class=\"gap-element clearfix\" style=\"display:block; height:auto;\">\n\t\t\n<style scope=\"scope\">\n\n#gap-1070288357 {\n  padding-top: 10px;\n}\n<\/style>\n\t<\/div>\n\t\n<\/div><\/div>\n<div class=\"col hide-for-medium medium-2 small-12 large-2\"  ><div class=\"col-inner\"  >\n\t<div id=\"gap-1609528037\" class=\"gap-element clearfix\" style=\"display:block; height:auto;\">\n\t\t\n<style scope=\"scope\">\n\n#gap-1609528037 {\n  padding-top: 30px;\n}\n<\/style>\n\t<\/div>\n\t\n<\/div><\/div>\n\n<style scope=\"scope\">\n\n<\/style>\n<\/div>\n\t\t<\/div><!-- .section-content -->\n\n\t\t\n<style scope=\"scope\">\n\n#section_778819106 {\n  padding-top: 50px;\n  padding-bottom: 50px;\n}\n<\/style>\n\t<\/section>\n\t\n\t<section class=\"section\" id=\"section_2071839551\">\n\t\t<div class=\"bg section-bg fill bg-fill  bg-loaded\" >\n\n\t\t\t\n\t\t\t\n\t\t\t\n\n\t\t<\/div><!-- .section-bg -->\n\n\t\t<div class=\"section-content relative\">\n\t\t\t\n<div class=\"row\"  id=\"row-771739688\">\n<div class=\"col small-12 large-12\"  ><div class=\"col-inner\"  >\n<\/div><\/div>\n<\/div>\n<div class=\"row align-center\"  id=\"row-1864641607\">\n<div class=\"col small-12 large-12\"  ><div class=\"col-inner\"  >\n<div class=\"row align-center\"  id=\"row-1670310646\">\n<div class=\"col medium-6 small-10 large-6\"  ><div class=\"col-inner\" style=\"margin:0px 0px 0px -10px;\" >\n<\/div><\/div>\n<div class=\"col medium-6 small-11 large-6\"  ><div class=\"col-inner\" style=\"margin:0px 0px 0px 10px;\" >\n<\/div><\/div>\n\n<style scope=\"scope\">\n\n<\/style>\n<\/div>\n<\/div><\/div>\n\n<style scope=\"scope\">\n\n<\/style>\n<\/div>\n\t\t<\/div><!-- .section-content -->\n\n\t\t\n<style scope=\"scope\">\n\n#section_2071839551 {\n  padding-top: 30px;\n  padding-bottom: 30px;\n}\n<\/style>\n\t<\/section>\n\t\n","protected":false},"excerpt":{"rendered":"","protected":false},"author":4,"featured_media":3836,"parent":0,"menu_order":0,"comment_status":"closed","ping_status":"closed","template":"page-blank.php","meta":{"footnotes":""},"class_list":["post-3898","page","type-page","status-publish","has-post-thumbnail","hentry"],"_links":{"self":[{"href":"https:\/\/ws226.juntadeandalucia.es\/iadformaconti\/wordpress\/index.php?rest_route=\/wp\/v2\/pages\/3898","targetHints":{"allow":["GET"]}}],"collection":[{"href":"https:\/\/ws226.juntadeandalucia.es\/iadformaconti\/wordpress\/index.php?rest_route=\/wp\/v2\/pages"}],"about":[{"href":"https:\/\/ws226.juntadeandalucia.es\/iadformaconti\/wordpress\/index.php?rest_route=\/wp\/v2\/types\/page"}],"author":[{"embeddable":true,"href":"https:\/\/ws226.juntadeandalucia.es\/iadformaconti\/wordpress\/index.php?rest_route=\/wp\/v2\/users\/4"}],"replies":[{"embeddable":true,"href":"https:\/\/ws226.juntadeandalucia.es\/iadformaconti\/wordpress\/index.php?rest_route=%2Fwp%2Fv2%2Fcomments&post=3898"}],"version-history":[{"count":16,"href":"https:\/\/ws226.juntadeandalucia.es\/iadformaconti\/wordpress\/index.php?rest_route=\/wp\/v2\/pages\/3898\/revisions"}],"predecessor-version":[{"id":3995,"href":"https:\/\/ws226.juntadeandalucia.es\/iadformaconti\/wordpress\/index.php?rest_route=\/wp\/v2\/pages\/3898\/revisions\/3995"}],"wp:featuredmedia":[{"embeddable":true,"href":"https:\/\/ws226.juntadeandalucia.es\/iadformaconti\/wordpress\/index.php?rest_route=\/wp\/v2\/media\/3836"}],"wp:attachment":[{"href":"https:\/\/ws226.juntadeandalucia.es\/iadformaconti\/wordpress\/index.php?rest_route=%2Fwp%2Fv2%2Fmedia&parent=3898"}],"curies":[{"name":"wp","href":"https:\/\/api.w.org\/{rel}","templated":true}]}}